-3*p + 60 = -w*p. Let u = p - -1007. Is u a composite number?
True
Suppose 0 = -3*o + 6108 + 67869. Is o a composite number?
False
Is -2 + (3 - 0) + 6543 + 3 prime?
True
Let f = 13698 - 6095. Is f a composite number?
False
Let z(b) = -b**3 + 2*b**2 - 9*b + 1. Let q be z(4). Let t = q - -92. Is t a composite number?
True
Let l(w) = 1225*w + 78. Is l(13) a composite number?
True
Suppose 5*h + 4790 = 10*h. Suppose 3*w - w = h. Is w composite?
False
Let p be 72/(9/(-3))*-1. Let m = p + -22. Suppose 0 = -2*v - m*v + 764. Is v a composite number?
False
Suppose -c - d + 12 = 0, -3*d = c + 2*d + 8. Suppose -c*k = -3*k - 36106. Is k a prime number?
True
Is (-405288)/(-144) + (-6)/4 a prime number?
False
Suppose -p + 56 + 53 = 0. Let q = 156 - p. Suppose 164 = d - q. Is d a prime number?
True
Suppose -4*h + 759 + 9229 = 0. Is h composite?
True
Let g(v) be the second derivative of 7/12*v**4 + 1/6*v**3 - 1/20*v**5 + 0 + 3*v**2 - 6*v. Is g(7) a composite number?
False
Is 33/((-330)/(-110200)) + -5 composite?
True
Let i(q) = -4*q**3 - q**2 - 2*q - 1. Let p be i(-1). Suppose 229 = o + 226. Suppose 2*n = o*y - 453, 0*y = y - p*n - 161. Is y a composite number?
False
Is (1/(-3))/(7/(417228/(-4))) a prime number?
True
Suppose -x + 5*x = 24988. Is x a composite number?
False
Let d(u) = 31*u**2 + 58*u + 13. Is d(-6) prime?
False
Let k(w) = -2 - 3 + 6 - 2 + 112*w. Let a be k(1). Suppose -3*o - 2*l + 256 = -105, -4*l - a = -o. Is o a prime number?
False
Let r = -46 - -66. Is (-228)/(-9)*6*5/r prime?
False
Let k(t) = -7636*t - 9. Is k(-1) a prime number?
False
Let n(s) = 282*s**2 - 11*s - 56. Is n(13) a prime number?
True
Suppose 12406 = 67*y - 11379. Is y composite?
True
Let p(o) = -204*o - 10. Let a be p(2). Let f = 864 + a. Is f composite?
True
Is (((-483)/(-6))/(-7))/(8/(-16)) a composite number?
False
Is (2 - 3)*(-1*8782)/2 a prime number?
True
Let w(b) = -40*b + 3. Let n be (-4)/(-2) + 2/2. Suppose -5*c = 3*t + 1, -n*c + 2 = t + 1. Is w(t) composite?
False
Suppose 2848 = -8*s + 21128. Is s a composite number?
True
Let d = 3477 + 606. Is d a composite number?
True
Let f = 173357 + -118956. Is f a composite number?
False
Let b be 2566/8 + 2/8. Let p(d) = 9*d - 11. Let f be p(-16). Let q = b + f. Is q composite?
True
Let i(v) = v + 4. Let q be i(-7). Let w = 3 + q. Suppose -c + 5 + 198 = w. Is c composite?
True
Suppose 0 = x + 12*x - 40547. Is x a prime number?
True
Suppose -3*k = -2*b + 84095, 126123 = 3*b + 21*k - 19*k. Is b a composite number?
False
Suppose l - 15 = -11, -q + 56503 = 2*l. Is q a prime number?
False
Suppose 0 = 6*j - 4*j - 6. Suppose j*g = -2*g. Suppose u + 398 = 3*n, g*n - 3*u = -3*n + 408. Is n composite?
False
Let n be (247/2)/((-12)/(-216)). Suppose -3*k - 480 = -n. Is k a prime number?
False
Suppose 4*y = 6*y + 3*t - 18507, -4*t + 18510 = 2*y. Is y a composite number?
True
Suppose 0 = 11*k + k - 14556. Is k a composite number?
False
Is (-12241 - 1)*(1/(-2))/1 a prime number?
True
Let f(n) = 51*n**2 - 6*n - 4. Let r be f(-2). Suppose 9*b = 13*b - r. Is b prime?
True
Suppose -2*h - 3*h = 0. Suppose 2*t - 6 = 3*m + 2*m, h = 3*t - 4*m - 9. Let d(b) = 28*b - 5. Is d(t) a prime number?
True
Let l = 3877 + -1828. Is l a prime number?
False
Let k(h) = -149*h. Suppose -7*r = -2*r + 5. Let j be r*(3 - 4)*-1. Is k(j) composite?
False
Is 9/(-216)*-6*342764 prime?
True
Let q = -13012 + 22883. Is q composite?
False
Let d = -15945 - -30658. Is d prime?
True
Let u(z) = 1801*z**2 - 24*z + 24. Is u(1) a composite number?
False
Suppose -4*n + 2*r + 28612 = 0, -5*n - 28588 = -9*n - 4*r. Is n a prime number?
True
Let j = 7 + -2. Let b = 666 + -296. Suppose b = j*n - 205. Is n a prime number?
False
Suppose 5709 = i + 1658. Is i a composite number?
False
Let w be 19890/91 + 6/14. Suppose w = f - g, -5*g - 3 = -3*f + 650. Is f a composite number?
True
Let w(q) = 170*q**3 + 0 - 6*q - 1 + 4*q + 0*q. Is w(2) prime?
False
Let x(g) = 42*g**2 - 21*g + 3. Let z be x(10). Suppose -z - 7893 = -6*r. Is r composite?
True
Let g be 3/(18/14)*3. Suppose -8*f + 46 = -g*f. Is f prime?
False
Let s(g) = 17*g - 15. Suppose -n - 2*l - 2 = -28, -2*n = -4*l - 68. Let z = 44 - n. Is s(z) a prime number?
True
Suppose 4 = m - 7. Let d(n) = 2*n**2 + 2*n**2 - 6*n**2 + m*n + n**2 + 1. Is d(9) a prime number?
True
Let s(u) = -u**2 + 9*u + 8. Let t be s(10). Let q(c) = 3*c**2 + c - 1. Let r be q(t). Suppose -14*d = -r*d - 215. Is d prime?
True
Suppose -q = 2*y - 709, 3*y - 705 = -q + 2*y. Is q composite?
False
Let a be 3/2 + 2/4. Let q be a*(6/3 + 0). Suppose q*i - 234 = 34. Is i a prime number?
True
Let s(o) = o**2 + 5*o + 1. Let h be s(-4). Is (-567)/h - 5 - -1 a prime number?
False
Suppose 2*u - 26 = -4*a, -4*u + 0*u = -a - 7. Suppose -7604 = -u*t - t. Is t a composite number?
False
Suppose 4 = 3*a - 11. Suppose 3*u - a*u - 4 = 0. Is (-266)/(-18) - u/9 a composite number?
True
Let i = 2 + 1. Let n be (-5 - -5)/((-2)/1). Is n + (-487)/(-3)*i composite?
False
Let b = -33 - -39. Suppose -b*d + 2*d = -1340. Is d a prime number?
False
Let l be 43/9 - 4/(-18). Let h(f) be the second derivative of -f**5/20 + 7*f**4/12 - f**3/2 + f**2 + 4*f. Is h(l) prime?
True
Let c(h) = 1655*h**3 - h**2 + h - 3. Let t(q) = 1. Let i(x) = -c(x) - 5*t(x). Is i(-1) a composite number?
True
Let f = 26 + -241. Let w = 1712 + f. Is w prime?
False
Let i = -14 - -18. Suppose 2*o = -5*t + 2641, -o - 10 = i*o. Is t a prime number?
False
Suppose 0 = -10*w + 8*w - 3090. Let i = -646 - w. Is i a composite number?
True
Let a = 38790 + -27313. Is a composite?
True
Suppose -3*y - 245 - 165 = -4*c, c - 4*y - 96 = 0. Let k = 789 - c. Is k prime?
False
Let t(k) = -k**2 - 6*k + 2. Let b be t(-6). Let f = b - 1. Suppose f = q - 88. Is q a prime number?
True
Suppose -68612 = -4*f - x, 8*f - 4*x = 6*f + 34306. Is f a composite number?
True
Let r(n) = -80*n + 6*n - 47*n - 75. Is r(-14) a prime number?
True
Let q(t) = 201*t**2 + 3*t - 1. Is q(5) a composite number?
False
Let q(y) be the third derivative of y**6/120 + y**5/6 - 5*y**4/24 + 7*y**3/6 - 28*y**2. Is q(-10) composite?
True
Let d(f) = 4*f**2 + 23*f - 22. Let q = 23 + -40. Is d(q) composite?
False
Suppose -4*h + 4*p = -8, h - 2 = 3*p + 2*p. Suppose 5*y = -h*g - 12 - 9, -2*g = -2*y. Let w(v) = -v**3 + v + 1. Is w(y) composite?
True
Is (6/4)/(1 - 12430/12436) composite?
False
Suppose 0 = 4*f + 3*p - p - 16354, 20465 = 5*f - 2*p. Is f a prime number?
True
Let y = -11 - -2. Let k(j) = 6*j - j - 7*j + 0 + 3. Is k(y) composite?
True
Is (17011 - 10) + -2 + 6 + -6 a prime number?
False
Let n = -72 + 76. Suppose 88 = -0*w + n*w. Is w prime?
False
Let t be -7*-1*(-2682)/(-21). Let y = t - -839. Is y composite?
False
Let w = 7 - -17. Suppose w = 3*v - 81. Is v composite?
True
Let h(i) = -i**3 - 7*i**2 - 7*i - 1. Let v be h(-6). Suppose 4*z - 8 = -v*r, -3*r - r = 0. Is (-1478)/(-7) + z/(-14) composite?
False
Let r(s) = 216*s + 161. Is r(17) prime?
True
Suppose -5*k - 8*k = -78689. Is k composite?
False
Let m(f) = -433*f + 234. Is m(-21) a composite number?
True
Let k(f) = -92*f + 209. Is k(-25) composite?
True
Suppose n + 3 - 5 = 0. Suppose -5*u - 50 = -5*b, -u = n*b + u - 12. Let q(w) = -w**2 + 9*w + 7. Is q(b) prime?
False
Is 18/(6 + 3) - -1*2927 composite?
True
Let n = -16 - -25. Let d be ((-98)/(-3))/(2/n). Suppose 5*o + d = 1382. Is o prime?
False
Suppose -4*u + r = 3*r - 124, 0 = -5*u - 3*r + 153. Is 1298/u*78/4 a prime number?
False
Is 8/(-44) - 10718/(-22) composite?
False
Suppose 2*m - 21 = -m. Suppose m*q - 6*q = 426. Let g = 719 - q. Is g a composite number?
False
Let c = 1122 + -608. Suppose g + 3*g = 3*w + 731, -2*w = 4*g + c. Let i = w + 622. Is i prime?
True
Suppose -3*l = -2*t + 3*t - 15, -3*t + l + 15 = 0. Suppose 0 = -5*w + 4*m - t*m + 707, m = 4*w - 576. Let r = w - 100. Is r prime?
True
Let a(v) = 44*v - 35. Let o be a(19). Suppose -3*m + 98 + 393 = -5*n, 5*m - 4*n - o = 0. Is m a composite number?
False
Suppose -6*c + c - 55 = 0. Let t = c + 12. Is t/(-4) - (-628)/16 prime?
False
Let m(n) = -n**3 + 19*n**2 - 9*n + 13. Let u be m(18). Suppose 5*d + 4*j - 3*j - 959 = 0, -d + 4*j = -u. Is d prime?
True
Suppose -3*s + b = -4 - 6, 5*b = -20. Let m be 3825/35 + s/(-7). Suppose 4*g + 3*p - 217 = 0, -p = -g + 3*g - m. Is g composite?
True
Suppose -g - 1240 = -4*d - 6539, 3*